{"id":288,"date":"2018-11-15T11:08:05","date_gmt":"2018-11-15T10:08:05","guid":{"rendered":"https:\/\/www.homme-cerebral.org\/?page_id=288"},"modified":"2021-03-26T15:14:05","modified_gmt":"2021-03-26T14:14:05","slug":"the-organiser","status":"publish","type":"page","link":"https:\/\/www.homme-cerebral.org\/?page_id=288&lang=en","title":{"rendered":"The Organiser"},"content":{"rendered":"[vc_row row_height_percent=&#8221;0&#8243; overlay_alpha=&#8221;50&#8243; gutter_size=&#8221;3&#8243; shift_y=&#8221;0&#8243;][vc_column column_width_percent=&#8221;100&#8243; align_horizontal=&#8221;align_center&#8221; gutter_size=&#8221;3&#8243; overlay_alpha=&#8221;80&#8243; shift_x=&#8221;0&#8243; shift_y=&#8221;0&#8243; z_index=&#8221;0&#8243; medium_width=&#8221;0&#8243; mobile_width=&#8221;0&#8243; width=&#8221;1\/1&#8243;][vc_single_image media=&#8221;102&#8243; media_width_percent=&#8221;100&#8243; alignment=&#8221;center&#8221; media_link=&#8221;url:https%3A%2F%2Ffesn.foundation%2F||target:%20_blank|rel:nofollow&#8221;][\/vc_column][\/vc_row][vc_row row_height_percent=&#8221;0&#8243; overlay_alpha=&#8221;50&#8243; gutter_size=&#8221;3&#8243; shift_y=&#8221;0&#8243;][vc_column column_width_percent=&#8221;100&#8243; gutter_size=&#8221;3&#8243; override_padding=&#8221;yes&#8221; column_padding=&#8221;2&#8243; back_color=&#8221;color-lxmt&#8221; overlay_color=&#8221;color-lxmt&#8221; overlay_alpha=&#8221;80&#8243; shift_x=&#8221;0&#8243; shift_y=&#8221;0&#8243; z_index=&#8221;0&#8243; medium_width=&#8221;0&#8243; mobile_width=&#8221;0&#8243; width=&#8221;1\/1&#8243;][vc_column_text css_animation=&#8221;right-t-left&#8221; animation_delay=&#8221;400&#8243;]The <strong>Fondation pour l\u2019\u00c9tude du Syst\u00e8me Nerveux central et p\u00e9riph\u00e9rique<\/strong> (FESN) was one of the <strong>first European foundations<\/strong> dedicated to the promotion of the study of the <strong>nervous system<\/strong>. Founded in 1983 upon the initiative of a group of prominent scientists, it has two main goals:<\/p>\n<ul>\n<li><strong>Offering<\/strong> a high-level forum aiming to facilitate meetings between the various leaders of emerging fields of neurosciences<\/li>\n<li><strong>Promoting<\/strong> information on the progress in neurosciences to a non-specialist audience interested in this field.<\/li>\n<\/ul>\n<p>In this regard, the FESN has organised a dozen meetings on topics as varied as the development of the nervous system, the brain and biological rhythms, neurodegenerative diseases or even neuropharmacology. The conclusions of these works were discussed in the series of publications \u201c<strong>Discussions in Neurosciences<\/strong>\u201d intended for a non-specialist audience.<\/p>\n<p>The <strong>scientific council<\/strong> of the FESN consists of the following scientists:<\/p>\n<ul>\n<li><strong>Yves Agid<\/strong>, Neurologist for the \u00ab Institut du Cerveau et de la Mo\u00eblle \u00bb in Paris, specialist of Parkinson\u2019s disease,<\/li>\n<li><strong>Bruno Dubois<\/strong>, Neurologist at Sorbonne Universit\u00e9, Head of Service at La Salp\u00eatri\u00e8re in Paris, specialist of Alzheimer\u2019s disease,<\/li>\n<li><strong>Richard Frackowiak<\/strong>, Neurologist and former Head of Service of \u00ab Queen Square \u00bb in London Universtiy, specialist of brain imaging and of Alzheimer\u2019s disease,<\/li>\n<li><strong>Pierre Magistretti<\/strong>, Neurobiologist for the \u00ab Ecole Polytechnique F\u00e9d\u00e9rale de Lausanne \u00bb and in KAUST University, specialist of energy metabolism and glial brain cells.<\/li>\n<li><strong>Gr\u00e9goire Courtine<\/strong>, from the \u00ab Ecole Polytechnique F\u00e9d\u00e9rale de Lausanne \u00bb, specialist of the spinal cord injuries studies and restorative approaches.<\/li>\n<\/ul>\n[\/vc_column_text][vc_row_inner][vc_column_inner column_width_percent=&#8221;100&#8243; align_horizontal=&#8221;align_center&#8221; gutter_size=&#8221;3&#8243; overlay_alpha=&#8221;50&#8243; shift_x=&#8221;0&#8243; shift_y=&#8221;0&#8243; shift_y_down=&#8221;0&#8243; z_index=&#8221;0&#8243; medium_width=&#8221;0&#8243; mobile_width=&#8221;0&#8243; width=&#8221;1\/1&#8243;][vc_button button_color=&#8221;color-212071&#8243; size=&#8221;btn-lg&#8221; border_width=&#8221;0&#8243; link=&#8221;url:https%3A%2F%2Ffesn.foundation%2F||target:%20_blank|rel:nofollow&#8221;]CLICK HERE TO ACCESS THE FESN WEBSITE [\/vc_button][\/vc_column_inner][\/vc_row_inner][\/vc_column][\/vc_row][vc_row row_height_percent=&#8221;0&#8243; override_padding=&#8221;yes&#8221; h_padding=&#8221;0&#8243; top_padding=&#8221;2&#8243; bottom_padding=&#8221;2&#8243; back_image=&#8221;29&#8243; parallax=&#8221;yes&#8221; overlay_color=&#8221;color-212071&#8243; overlay_alpha=&#8221;90&#8243; gutter_size=&#8221;3&#8243; shift_y=&#8221;0&#8243;][vc_column column_width_percent=&#8221;100&#8243; position_vertical=&#8221;middle&#8221; align_horizontal=&#8221;align_center&#8221; gutter_size=&#8221;3&#8243; style=&#8221;dark&#8221; overlay_alpha=&#8221;50&#8243; shift_x=&#8221;0&#8243; shift_y=&#8221;0&#8243; z_index=&#8221;0&#8243; medium_width=&#8221;0&#8243; mobile_width=&#8221;0&#8243; css_animation=&#8221;right-t-left&#8221; animation_delay=&#8221;600&#8243; width=&#8221;1\/6&#8243;][\/vc_column][vc_column column_width_percent=&#8221;100&#8243; position_vertical=&#8221;middle&#8221; align_horizontal=&#8221;align_center&#8221; gutter_size=&#8221;3&#8243; style=&#8221;dark&#8221; overlay_alpha=&#8221;50&#8243; shift_x=&#8221;0&#8243; shift_y=&#8221;0&#8243; z_index=&#8221;0&#8243; medium_width=&#8221;0&#8243; mobile_width=&#8221;0&#8243; css_animation=&#8221;left-t-right&#8221; width=&#8221;1\/3&#8243;][vc_button size=&#8221;btn-lg&#8221; border_animation=&#8221;btn-ripple-out&#8221; wide=&#8221;yes&#8221; link=&#8221;url:http%3A%2F%2Fwww.homme-cerebral.org%2F%3Fpage_id%3D277%26lang%3Den|||&#8221; icon=&#8221;fa fa-location-outline&#8221;]Presentation[\/vc_button][\/vc_column][vc_column column_width_percent=&#8221;100&#8243; position_vertical=&#8221;middle&#8221; align_horizontal=&#8221;align_center&#8221; gutter_size=&#8221;3&#8243; style=&#8221;dark&#8221; overlay_alpha=&#8221;50&#8243; shift_x=&#8221;0&#8243; shift_y=&#8221;0&#8243; z_index=&#8221;0&#8243; medium_width=&#8221;0&#8243; mobile_width=&#8221;0&#8243; css_animation=&#8221;top-t-bottom&#8221; animation_delay=&#8221;300&#8243; width=&#8221;1\/3&#8243;][vc_button size=&#8221;btn-lg&#8221; border_animation=&#8221;btn-ripple-out&#8221; wide=&#8221;yes&#8221; link=&#8221;url:http%3A%2F%2Fwww.homme-cerebral.org%2F%3Fpage_id%3D282%26lang%3Den|||&#8221; icon=&#8221;fa fa-bookmark&#8221;]Why Monaco?[\/vc_button][\/vc_column][vc_column width=&#8221;1\/6&#8243;][\/vc_column][\/vc_row]\n","protected":false},"excerpt":{"rendered":"<p>[vc_row row_height_percent=&#8221;0&#8243; overlay_alpha=&#8221;50&#8243; gutter_size=&#8221;3&#8243; shift_y=&#8221;0&#8243;][vc_column column_width_percent=&#8221;100&#8243; align_horizontal=&#8221;align_center&#8221; gutter_size=&#8221;3&#8243; overlay_alpha=&#8221;80&#8243; shift_x=&#8221;0&#8243; shift_y=&#8221;0&#8243; z_index=&#8221;0&#8243; medium_width=&#8221;0&#8243; mobile_width=&#8221;0&#8243; width=&#8221;1\/1&#8243;][vc_single_image media=&#8221;102&#8243; media_width_percent=&#8221;100&#8243; alignment=&#8221;center&#8221; media_link=&#8221;url:https%3A%2F%2Ffesn.foundation%2F||target:%20_blank|rel:nofollow&#8221;][\/vc_column][\/vc_row][vc_row row_height_percent=&#8221;0&#8243; [&hellip;]<\/p>\n","protected":false},"author":1,"featured_media":0,"parent":0,"menu_order":0,"comment_status":"closed","ping_status":"closed","template":"","meta":{"footnotes":""},"class_list":["post-288","page","type-page","status-publish","hentry"],"_links":{"self":[{"href":"https:\/\/www.homme-cerebral.org\/index.php?rest_route=\/wp\/v2\/pages\/288","targetHints":{"allow":["GET"]}}],"collection":[{"href":"https:\/\/www.homme-cerebral.org\/index.php?rest_route=\/wp\/v2\/pages"}],"about":[{"href":"https:\/\/www.homme-cerebral.org\/index.php?rest_route=\/wp\/v2\/types\/page"}],"author":[{"embeddable":true,"href":"https:\/\/www.homme-cerebral.org\/index.php?rest_route=\/wp\/v2\/users\/1"}],"replies":[{"embeddable":true,"href":"https:\/\/www.homme-cerebral.org\/index.php?rest_route=%2Fwp%2Fv2%2Fcomments&post=288"}],"version-history":[{"count":10,"href":"https:\/\/www.homme-cerebral.org\/index.php?rest_route=\/wp\/v2\/pages\/288\/revisions"}],"predecessor-version":[{"id":1362,"href":"https:\/\/www.homme-cerebral.org\/index.php?rest_route=\/wp\/v2\/pages\/288\/revisions\/1362"}],"wp:attachment":[{"href":"https:\/\/www.homme-cerebral.org\/index.php?rest_route=%2Fwp%2Fv2%2Fmedia&parent=288"}],"curies":[{"name":"wp","href":"https:\/\/api.w.org\/{rel}","templated":true}]}}