{"id":897,"date":"2021-01-28T11:36:40","date_gmt":"2021-01-28T10:36:40","guid":{"rendered":"https:\/\/www.homme-cerebral.org\/?page_id=897"},"modified":"2021-04-15T15:51:21","modified_gmt":"2021-04-15T13:51:21","slug":"faq","status":"publish","type":"page","link":"https:\/\/www.homme-cerebral.org\/?page_id=897","title":{"rendered":"FAQ"},"content":{"rendered":"[vc_row][vc_column width=&#8221;1\/4&#8243;][vc_single_image media=&#8221;898&#8243; media_width_percent=&#8221;100&#8243; alignment=&#8221;center&#8221;][\/vc_column][vc_column column_width_percent=&#8221;100&#8243; position_vertical=&#8221;middle&#8221; gutter_size=&#8221;3&#8243; overlay_alpha=&#8221;50&#8243; shift_x=&#8221;0&#8243; shift_y=&#8221;0&#8243; shift_y_down=&#8221;0&#8243; z_index=&#8221;0&#8243; medium_width=&#8221;0&#8243; mobile_width=&#8221;0&#8243; width=&#8221;3\/4&#8243;][vc_column_text]\n<h2><strong>FAQ<\/strong><\/h2>\n[\/vc_column_text][\/vc_column][\/vc_row][vc_row row_height_percent=&#8221;0&#8243; back_color=&#8221;color-lxmt&#8221; overlay_alpha=&#8221;50&#8243; gutter_size=&#8221;3&#8243; column_width_percent=&#8221;100&#8243; shift_y=&#8221;0&#8243; z_index=&#8221;0&#8243;][vc_column width=&#8221;1\/1&#8243;][vc_accordion active_tab=&#8221;0&#8243;][vc_accordion_tab title=&#8221;La Conf\u00e9rence a \u00e9t\u00e9 maintenu ? Si oui, sous quelle forme ? &#8221; tab_id=&#8221;1611829881-1-5&#8243;][vc_column_text]Oui, la Conf\u00e9rence a \u00e9t\u00e9 maintenu en format digital pour respecter les derni\u00e8res restrictions mises en place dans la r\u00e9gion Provence-Alpes-C\u00f4te-d\u2019Azur dans le cadre de l\u2019actuelle situation sanitaire<\/p>\n<p>Cela a permis \u00e0 un plus grand nombre des personnes d\u2019y participer tout en gardant l\u2019interaction avec les Orateurs.[\/vc_column_text][\/vc_accordion_tab][vc_accordion_tab title=&#8221;J&#8217;ai particip\u00e9 \u00e0 l&#8217;\u00e9v\u00e9nement, puis-je obtenir un certificat de participation ? &#8221; tab_id=&#8221;1612518485133-6-1&#8243;][vc_column_text]Nous vous informons que l\u2019attestation de pr\u00e9sence <u>n&#8217;est pas pr\u00e9vue<\/u> dans le cadre de la conf\u00e9rence L&#8217;Homme C\u00e9r\u00e9bral.[\/vc_column_text][\/vc_accordion_tab][vc_accordion_tab title=&#8221;Je n\u2019ai pas pu me connecter le jour de l\u2019\u00e9v\u00e9nement, puis-je acc\u00e9der \u00e0 l\u2019enregistrement de la Conf\u00e9rence ? &#8221; tab_id=&#8221;1611829881-2-71&#8243;][vc_column_text]Si vous n\u2019avez pas eu la possibilit\u00e9 de suivre la diffusion en direct de la Conf\u00e9rence, vous pouvez visionner l\u2019enregistrement int\u00e9gral disponible \u00e0 la page <a href=\"https:\/\/www.homme-cerebral.org\/\">https:\/\/www.homme-cerebral.org\/<\/a>[\/vc_column_text][\/vc_accordion_tab][vc_accordion_tab title=&#8221;Comment puis-je t\u00e9l\u00e9charger les mat\u00e9riels utilis\u00e9s par les Orateurs (pr\u00e9sentation PowerPoint, vid\u00e9o, etc.) ?&#8221; tab_id=&#8221;1611830077952-2-7&#8243;][vc_column_text]Veuillez noter que tout mat\u00e9riel de support (diapositives, vid\u00e9os) utilis\u00e9 par les intervenants ne sera pas t\u00e9l\u00e9chargeable.[\/vc_column_text][\/vc_accordion_tab][\/vc_accordion][\/vc_column][\/vc_row]\n","protected":false},"excerpt":{"rendered":"<p>[vc_row][vc_column width=&#8221;1\/4&#8243;][vc_single_image media=&#8221;898&#8243; media_width_percent=&#8221;100&#8243; alignment=&#8221;center&#8221;][\/vc_column][vc_column column_width_percent=&#8221;100&#8243; position_vertical=&#8221;middle&#8221; gutter_size=&#8221;3&#8243; overlay_alpha=&#8221;50&#8243; shift_x=&#8221;0&#8243; shift_y=&#8221;0&#8243; shift_y_down=&#8221;0&#8243; z_index=&#8221;0&#8243; medium_width=&#8221;0&#8243; mobile_width=&#8221;0&#8243; width=&#8221;3\/4&#8243;][vc_column_text] FAQ [\/vc_column_text][\/vc_column][\/vc_row][vc_row row_height_percent=&#8221;0&#8243; back_color=&#8221;color-lxmt&#8221; [&hellip;]<\/p>\n","protected":false},"author":1,"featured_media":0,"parent":0,"menu_order":0,"comment_status":"closed","ping_status":"closed","template":"","meta":{"footnotes":""},"class_list":["post-897","page","type-page","status-publish","hentry"],"_links":{"self":[{"href":"https:\/\/www.homme-cerebral.org\/index.php?rest_route=\/wp\/v2\/pages\/897","targetHints":{"allow":["GET"]}}],"collection":[{"href":"https:\/\/www.homme-cerebral.org\/index.php?rest_route=\/wp\/v2\/pages"}],"about":[{"href":"https:\/\/www.homme-cerebral.org\/index.php?rest_route=\/wp\/v2\/types\/page"}],"author":[{"embeddable":true,"href":"https:\/\/www.homme-cerebral.org\/index.php?rest_route=\/wp\/v2\/users\/1"}],"replies":[{"embeddable":true,"href":"https:\/\/www.homme-cerebral.org\/index.php?rest_route=%2Fwp%2Fv2%2Fcomments&post=897"}],"version-history":[{"count":12,"href":"https:\/\/www.homme-cerebral.org\/index.php?rest_route=\/wp\/v2\/pages\/897\/revisions"}],"predecessor-version":[{"id":1370,"href":"https:\/\/www.homme-cerebral.org\/index.php?rest_route=\/wp\/v2\/pages\/897\/revisions\/1370"}],"wp:attachment":[{"href":"https:\/\/www.homme-cerebral.org\/index.php?rest_route=%2Fwp%2Fv2%2Fmedia&parent=897"}],"curies":[{"name":"wp","href":"https:\/\/api.w.org\/{rel}","templated":true}]}}